{"id":216,"date":"2023-09-19T15:42:21","date_gmt":"2023-09-19T13:42:21","guid":{"rendered":"https:\/\/www.acocia-agaps.com\/?page_id=216"},"modified":"2023-10-18T17:14:30","modified_gmt":"2023-10-18T15:14:30","slug":"pagetest","status":"publish","type":"page","link":"https:\/\/02.work.loveangel1337.ovh\/index.php\/pagetest\/","title":{"rendered":"Qui sommes-nous ?"},"content":{"rendered":"\t\t<div data-elementor-type=\"wp-page\" data-elementor-id=\"216\" class=\"elementor elementor-216\" data-elementor-post-type=\"page\">\n\t\t\t\t\t\t\t\t\t<section class=\"elementor-section elementor-top-section elementor-element elementor-element-2368235 elementor-section-boxed elementor-section-height-default elementor-section-height-default\" data-id=\"2368235\" data-element_type=\"section\">\n\t\t\t\t\t\t<div class=\"elementor-container elementor-column-gap-default\">\n\t\t\t\t\t<div class=\"elementor-column elementor-col-100 elementor-top-column elementor-element elementor-element-b9736a9\" data-id=\"b9736a9\" data-element_type=\"column\">\n\t\t\t<div class=\"elementor-widget-wrap elementor-element-populated\">\n\t\t\t\t\t\t\t\t\t<\/div>\n\t\t<\/div>\n\t\t\t\t\t\t\t<\/div>\n\t\t<\/section>\n\t\t\t\t<section class=\"elementor-section elementor-top-section elementor-element elementor-element-cbdb9b8 elementor-section-boxed elementor-section-height-default elementor-section-height-default\" data-id=\"cbdb9b8\" data-element_type=\"section\">\n\t\t\t\t\t\t<div class=\"elementor-container elementor-column-gap-default\">\n\t\t\t\t\t<div class=\"elementor-column elementor-col-50 elementor-top-column elementor-element elementor-element-75a5307\" data-id=\"75a5307\" data-element_type=\"column\">\n\t\t\t<div class=\"elementor-widget-wrap elementor-element-populated\">\n\t\t\t\t\t\t\t\t<div class=\"elementor-element elementor-element-d40ff2a animated-slow elementor-flip-box--direction-right elementor-flip-box--effect-flip elementor-invisible elementor-widget elementor-widget-flip-box\" data-id=\"d40ff2a\" data-element_type=\"widget\" data-settings=\"{&quot;_animation&quot;:&quot;fadeInLeft&quot;}\" data-widget_type=\"flip-box.default\">\n\t\t\t\t<div class=\"elementor-widget-container\">\n\t\t\t<link rel=\"stylesheet\" href=\"https:\/\/02.work.loveangel1337.ovh\/wp-content\/plugins\/elementor-pro\/assets\/css\/widget-flip-box.min.css\">\t\t<div class=\"elementor-flip-box\" tabindex=\"0\">\n\t\t\t<div class=\"elementor-flip-box__layer elementor-flip-box__front\">\n\t\t\t\t<div class=\"elementor-flip-box__layer__overlay\">\n\t\t\t\t\t<div class=\"elementor-flip-box__layer__inner\">\n\t\t\t\t\t\t\n\t\t\t\t\t\t\n\t\t\t\t\t\t\t\t\t\t\t<\/div>\n\t\t\t\t<\/div>\n\t\t\t<\/div>\n\t\t\t<div class=\"elementor-flip-box__layer elementor-flip-box__back\">\n\t\t\t<div class=\"elementor-flip-box__layer__overlay\">\n\t\t\t\t<div class=\"elementor-flip-box__layer__inner\">\n\t\t\t\t\t\n\t\t\t\t\t\t\t\t\t\t\t<div class=\"elementor-flip-box__layer__description\">\n\t\t\t\t\t\t\t<br><br><br><br>\u00c0 l'origine l'AGAPS \u00e9tait une Association Agr\u00e9\u00e9e par l'Administration fiscale avec plus de 40 ans d'\u00e9changes et d'\u00e9coute aupr\u00e8s de professionnels lib\u00e9raux soumis au r\u00e9gime des B\u00e9n\u00e9fices non commerciaux. \n<br>\n\u00catre adh\u00e9rent \u00e7a voulait dire :\n<br>\n<ul>\n \t<li>Non-majoration des b\u00e9n\u00e9fices,<\/li>\n \t<li>Formation \u00e0 la tenue de la comptabilit\u00e9 et \u00e0 ses r\u00e8gles fiscales,<\/li>\n \t<li>Examen de coh\u00e9rence de vraisemblance sur la d\u00e9claration professionnelle.<\/li>\n \t<li>Examen P\u00e9riodique de Sinc\u00e9rit\u00e9,<\/li>\n \t<li>Compte-rendu de mission.<\/li>\n \t<li>Pr\u00e9vention des risques \u00e9conomiques.<\/li>\n\n<\/ul>\t\t\t\t\t\t<\/div>\n\t\t\t\t\t\n\t\t\t\t\t\t\t\t<\/div>\n\t\t<\/div>\n\t\t<\/div>\n\t\t<\/div>\n\t\t\t\t<\/div>\n\t\t\t\t<\/div>\n\t\t\t\t\t<\/div>\n\t\t<\/div>\n\t\t\t\t<div class=\"elementor-column elementor-col-50 elementor-top-column elementor-element elementor-element-cf0e07e\" data-id=\"cf0e07e\" data-element_type=\"column\">\n\t\t\t<div class=\"elementor-widget-wrap elementor-element-populated\">\n\t\t\t\t\t\t\t\t<div class=\"elementor-element elementor-element-9a93d61 animated-slow elementor-flip-box--direction-left elementor-flip-box--effect-flip elementor-invisible elementor-widget elementor-widget-flip-box\" data-id=\"9a93d61\" data-element_type=\"widget\" data-settings=\"{&quot;_animation&quot;:&quot;fadeInRight&quot;}\" data-widget_type=\"flip-box.default\">\n\t\t\t\t<div class=\"elementor-widget-container\">\n\t\t\t\t\t<div class=\"elementor-flip-box\" tabindex=\"0\">\n\t\t\t<div class=\"elementor-flip-box__layer elementor-flip-box__front\">\n\t\t\t\t<div class=\"elementor-flip-box__layer__overlay\">\n\t\t\t\t\t<div class=\"elementor-flip-box__layer__inner\">\n\t\t\t\t\t\t\n\t\t\t\t\t\t\n\t\t\t\t\t\t\t\t\t\t\t<\/div>\n\t\t\t\t<\/div>\n\t\t\t<\/div>\n\t\t\t<div class=\"elementor-flip-box__layer elementor-flip-box__back\">\n\t\t\t<div class=\"elementor-flip-box__layer__overlay\">\n\t\t\t\t<div class=\"elementor-flip-box__layer__inner\">\n\t\t\t\t\t\n\t\t\t\t\t\t\t\t\t\t\t<div class=\"elementor-flip-box__layer__description\">\n\t\t\t\t\t\t\tEst une association de gestion et de comptabilit\u00e9, elle\u00a0 a \u00e9t\u00e9 cr\u00e9\u00e9e pour palier \u00e0 :\nUn environnement l\u00e9gislatif, r\u00e8glementaire et administratif en constante \u00e9volution et au demeurant plus complexe. Ainsi, il devient de plus en plus difficile et chronophage pour les professionnels lib\u00e9raux de concilier la pratique de leur m\u00e9tier, le suivi et l\u2019application de ces \u00e9volutions.\nDes risques accrus de contr\u00f4le, en effet dans un but d\u2019optimisation, l\u2019Administration fiscale, recourt de plus en plus \u00e0 l\u2019intelligence artificielle (IA) afin de d\u00e9tecter des anomalies et d\u00e9clencher en cons\u00e9quence un contr\u00f4le fiscal.\u00a0\t\t\t\t\t\t<\/div>\n\t\t\t\t\t\n\t\t\t\t\t\t\t\t<\/div>\n\t\t<\/div>\n\t\t<\/div>\n\t\t<\/div>\n\t\t\t\t<\/div>\n\t\t\t\t<\/div>\n\t\t\t\t\t<\/div>\n\t\t<\/div>\n\t\t\t\t\t\t\t<\/div>\n\t\t<\/section>\n\t\t\t\t<section class=\"elementor-section elementor-top-section elementor-element elementor-element-d92fe3a elementor-section-boxed elementor-section-height-default elementor-section-height-default\" data-id=\"d92fe3a\" data-element_type=\"section\">\n\t\t\t\t\t\t<div class=\"elementor-container elementor-column-gap-default\">\n\t\t\t\t\t<div class=\"elementor-column elementor-col-100 elementor-top-column elementor-element elementor-element-5c64992\" data-id=\"5c64992\" data-element_type=\"column\">\n\t\t\t<div class=\"elementor-widget-wrap elementor-element-populated\">\n\t\t\t\t\t\t\t\t<div class=\"elementor-element elementor-element-fd66b1e elementor-widget elementor-widget-text-editor\" data-id=\"fd66b1e\" data-element_type=\"widget\" data-widget_type=\"text-editor.default\">\n\t\t\t\t<div class=\"elementor-widget-container\">\n\t\t\t<style>\/*! elementor - v3.17.0 - 25-10-2023 *\/\n.elementor-widget-text-editor.elementor-drop-cap-view-stacked .elementor-drop-cap{background-color:#69727d;color:#fff}.elementor-widget-text-editor.elementor-drop-cap-view-framed .elementor-drop-cap{color:#69727d;border:3px solid;background-color:transparent}.elementor-widget-text-editor:not(.elementor-drop-cap-view-default) .elementor-drop-cap{margin-top:8px}.elementor-widget-text-editor:not(.elementor-drop-cap-view-default) .elementor-drop-cap-letter{width:1em;height:1em}.elementor-widget-text-editor .elementor-drop-cap{float:left;text-align:center;line-height:1;font-size:50px}.elementor-widget-text-editor .elementor-drop-cap-letter{display:inline-block}<\/style>\t\t\t\t<p style=\"font-size: 1em; text-align: justify;\">Lorsque que l&rsquo;Administration fiscale a d\u00e9cid\u00e9 de faire disparaitre les avantages fiscaux li\u00e9s \u00e0 l&rsquo;adh\u00e9sion, l&rsquo;AGAPS s&rsquo;est pos\u00e9 la m\u00eame question que ses adh\u00e9rents.<\/p>\nQuel est l&rsquo;int\u00e9r\u00eat de rester adh\u00e9rent ?<br><br>\n<p style=\"font-size: 1em; text-align: justify;\">Alors pour mieux cerner leurs attentes l&rsquo;AGAPS a men\u00e9 une enqu\u00eate sur un panel de ses adh\u00e9rents. Ses adh\u00e9rents ont pl\u00e9biscit\u00e9 2 qualit\u00e9s principales\u00a0: la comp\u00e9tence et la disponibilit\u00e9 du personnel de l&rsquo;AGAPS.\nTous ces professionnels lib\u00e9raux on fait \u00e9galement savoir clairement, ils veulent gagner en s\u00e9r\u00e9nit\u00e9, diminuez leur charge mentale et se lib\u00e9rer du temps.<br><br>\nC&rsquo;est dans le souhait de continuer \u00e0 les accompagner et \u00e0 les assister que la direction de l&rsquo;AGAPS a pris la d\u00e9cision de fusionner et de se transformer en septembre 2023 pour devenir une <strong>association de gestion et de comptabilit\u00e9 : ACOCIA\u2011AGAPS<\/strong>.<\/p>\t\t\t\t\t\t<\/div>\n\t\t\t\t<\/div>\n\t\t\t\t\t<\/div>\n\t\t<\/div>\n\t\t\t\t\t\t\t<\/div>\n\t\t<\/section>\n\t\t\t\t<section class=\"elementor-section elementor-top-section elementor-element elementor-element-8f8af5b elementor-section-boxed elementor-section-height-default elementor-section-height-default\" data-id=\"8f8af5b\" data-element_type=\"section\">\n\t\t\t\t\t\t<div class=\"elementor-container elementor-column-gap-default\">\n\t\t\t\t\t<div class=\"elementor-column elementor-col-50 elementor-top-column elementor-element elementor-element-d6140c4\" data-id=\"d6140c4\" data-element_type=\"column\">\n\t\t\t<div class=\"elementor-widget-wrap elementor-element-populated\">\n\t\t\t\t\t\t\t\t<div class=\"elementor-element elementor-element-d0abcac animated-slow elementor-flip-box--direction-right elementor-flip-box--effect-flip elementor-invisible elementor-widget elementor-widget-flip-box\" data-id=\"d0abcac\" data-element_type=\"widget\" data-settings=\"{&quot;_animation&quot;:&quot;fadeIn&quot;,&quot;_animation_delay&quot;:1000}\" data-widget_type=\"flip-box.default\">\n\t\t\t\t<div class=\"elementor-widget-container\">\n\t\t\t\t\t<div class=\"elementor-flip-box\" tabindex=\"0\">\n\t\t\t<div class=\"elementor-flip-box__layer elementor-flip-box__front\">\n\t\t\t\t<div class=\"elementor-flip-box__layer__overlay\">\n\t\t\t\t\t<div class=\"elementor-flip-box__layer__inner\">\n\t\t\t\t\t\t\n\t\t\t\t\t\t\n\t\t\t\t\t\t\t\t\t\t\t<\/div>\n\t\t\t\t<\/div>\n\t\t\t<\/div>\n\t\t\t<div class=\"elementor-flip-box__layer elementor-flip-box__back\">\n\t\t\t<div class=\"elementor-flip-box__layer__overlay\">\n\t\t\t\t<div class=\"elementor-flip-box__layer__inner\">\n\t\t\t\t\t\n\t\t\t\t\t\n\t\t\t\t\t\t\t\t<\/div>\n\t\t<\/div>\n\t\t<\/div>\n\t\t<\/div>\n\t\t\t\t<\/div>\n\t\t\t\t<\/div>\n\t\t\t\t\t<\/div>\n\t\t<\/div>\n\t\t\t\t<div class=\"elementor-column elementor-col-50 elementor-top-column elementor-element elementor-element-b1217aa\" data-id=\"b1217aa\" data-element_type=\"column\">\n\t\t\t<div class=\"elementor-widget-wrap elementor-element-populated\">\n\t\t\t\t\t\t\t\t<div class=\"elementor-element elementor-element-ab345d5 animated-slow elementor-flip-box--direction-left elementor-flip-box--effect-flip elementor-invisible elementor-widget elementor-widget-flip-box\" data-id=\"ab345d5\" data-element_type=\"widget\" data-settings=\"{&quot;_animation&quot;:&quot;fadeIn&quot;,&quot;_animation_delay&quot;:2000}\" data-widget_type=\"flip-box.default\">\n\t\t\t\t<div class=\"elementor-widget-container\">\n\t\t\t\t\t<div class=\"elementor-flip-box\" tabindex=\"0\">\n\t\t\t<div class=\"elementor-flip-box__layer elementor-flip-box__front\">\n\t\t\t\t<div class=\"elementor-flip-box__layer__overlay\">\n\t\t\t\t\t<div class=\"elementor-flip-box__layer__inner\">\n\t\t\t\t\t\t\n\t\t\t\t\t\t\n\t\t\t\t\t\t\t\t\t\t\t<\/div>\n\t\t\t\t<\/div>\n\t\t\t<\/div>\n\t\t\t<div class=\"elementor-flip-box__layer elementor-flip-box__back\">\n\t\t\t<div class=\"elementor-flip-box__layer__overlay\">\n\t\t\t\t<div class=\"elementor-flip-box__layer__inner\">\n\t\t\t\t\t\n\t\t\t\t\t\n\t\t\t\t\t\t\t\t<\/div>\n\t\t<\/div>\n\t\t<\/div>\n\t\t<\/div>\n\t\t\t\t<\/div>\n\t\t\t\t<\/div>\n\t\t\t\t\t<\/div>\n\t\t<\/div>\n\t\t\t\t\t\t\t<\/div>\n\t\t<\/section>\n\t\t\t\t<section class=\"elementor-section elementor-top-section elementor-element elementor-element-e627da5 elementor-section-boxed elementor-section-height-default elementor-section-height-default\" data-id=\"e627da5\" data-element_type=\"section\">\n\t\t\t\t\t\t<div class=\"elementor-container elementor-column-gap-default\">\n\t\t\t\t\t<div class=\"elementor-column elementor-col-50 elementor-top-column elementor-element elementor-element-2f4d1b7\" data-id=\"2f4d1b7\" data-element_type=\"column\">\n\t\t\t<div class=\"elementor-widget-wrap elementor-element-populated\">\n\t\t\t\t\t\t\t\t<div class=\"elementor-element elementor-element-020d108 animated-slow elementor-invisible elementor-widget elementor-widget-image\" data-id=\"020d108\" data-element_type=\"widget\" data-settings=\"{&quot;_animation&quot;:&quot;fadeIn&quot;,&quot;_animation_delay&quot;:3000}\" data-widget_type=\"image.default\">\n\t\t\t\t<div class=\"elementor-widget-container\">\n\t\t\t<style>\/*! elementor - v3.17.0 - 25-10-2023 *\/\n.elementor-widget-image{text-align:center}.elementor-widget-image a{display:inline-block}.elementor-widget-image a img[src$=\".svg\"]{width:48px}.elementor-widget-image img{vertical-align:middle;display:inline-block}<\/style>\t\t\t\t\t\t\t\t\t\t\t\t<img loading=\"lazy\" decoding=\"async\" width=\"106\" height=\"150\" src=\"https:\/\/02.work.loveangel1337.ovh\/wp-content\/uploads\/2023\/10\/Fleche_Bas_Droit.png\" class=\"attachment-large size-large wp-image-1296\" alt=\"\" \/>\t\t\t\t\t\t\t\t\t\t\t\t\t\t\t<\/div>\n\t\t\t\t<\/div>\n\t\t\t\t\t<\/div>\n\t\t<\/div>\n\t\t\t\t<div class=\"elementor-column elementor-col-50 elementor-top-column elementor-element elementor-element-5523430\" data-id=\"5523430\" data-element_type=\"column\">\n\t\t\t<div class=\"elementor-widget-wrap elementor-element-populated\">\n\t\t\t\t\t\t\t\t<div class=\"elementor-element elementor-element-4e6f586 animated-slow elementor-invisible elementor-widget elementor-widget-image\" data-id=\"4e6f586\" data-element_type=\"widget\" data-settings=\"{&quot;_animation&quot;:&quot;fadeIn&quot;,&quot;_animation_delay&quot;:3000}\" data-widget_type=\"image.default\">\n\t\t\t\t<div class=\"elementor-widget-container\">\n\t\t\t\t\t\t\t\t\t\t\t\t\t\t\t<img loading=\"lazy\" decoding=\"async\" width=\"106\" height=\"150\" src=\"https:\/\/02.work.loveangel1337.ovh\/wp-content\/uploads\/2023\/10\/Fleche_Bas_Gauche.png\" class=\"attachment-large size-large wp-image-1297\" alt=\"\" \/>\t\t\t\t\t\t\t\t\t\t\t\t\t\t\t<\/div>\n\t\t\t\t<\/div>\n\t\t\t\t\t<\/div>\n\t\t<\/div>\n\t\t\t\t\t\t\t<\/div>\n\t\t<\/section>\n\t\t\t\t<section class=\"elementor-section elementor-top-section elementor-element elementor-element-7a3d977 elementor-section-boxed elementor-section-height-default elementor-section-height-default\" data-id=\"7a3d977\" data-element_type=\"section\">\n\t\t\t\t\t\t<div class=\"elementor-container elementor-column-gap-default\">\n\t\t\t\t\t<div class=\"elementor-column elementor-col-100 elementor-top-column elementor-element elementor-element-f0b2783\" data-id=\"f0b2783\" data-element_type=\"column\">\n\t\t\t<div class=\"elementor-widget-wrap elementor-element-populated\">\n\t\t\t\t\t\t\t\t<div class=\"elementor-element elementor-element-aa64193 animated-slow elementor-flip-box--direction-right elementor-flip-box--effect-flip elementor-invisible elementor-widget elementor-widget-flip-box\" data-id=\"aa64193\" data-element_type=\"widget\" data-settings=\"{&quot;_animation&quot;:&quot;fadeIn&quot;,&quot;_animation_delay&quot;:4000}\" data-widget_type=\"flip-box.default\">\n\t\t\t\t<div class=\"elementor-widget-container\">\n\t\t\t\t\t<div class=\"elementor-flip-box\" tabindex=\"0\">\n\t\t\t<div class=\"elementor-flip-box__layer elementor-flip-box__front\">\n\t\t\t\t<div class=\"elementor-flip-box__layer__overlay\">\n\t\t\t\t\t<div class=\"elementor-flip-box__layer__inner\">\n\t\t\t\t\t\t\n\t\t\t\t\t\t\n\t\t\t\t\t\t\t\t\t\t\t<\/div>\n\t\t\t\t<\/div>\n\t\t\t<\/div>\n\t\t\t<div class=\"elementor-flip-box__layer elementor-flip-box__back\">\n\t\t\t<div class=\"elementor-flip-box__layer__overlay\">\n\t\t\t\t<div class=\"elementor-flip-box__layer__inner\">\n\t\t\t\t\t\n\t\t\t\t\t\n\t\t\t\t\t\t\t\t<\/div>\n\t\t<\/div>\n\t\t<\/div>\n\t\t<\/div>\n\t\t\t\t<\/div>\n\t\t\t\t<\/div>\n\t\t\t\t\t<\/div>\n\t\t<\/div>\n\t\t\t\t\t\t\t<\/div>\n\t\t<\/section>\n\t\t\t\t<section class=\"elementor-section elementor-top-section elementor-element elementor-element-bafd26a elementor-section-boxed elementor-section-height-default elementor-section-height-default\" data-id=\"bafd26a\" data-element_type=\"section\">\n\t\t\t\t\t\t<div class=\"elementor-container elementor-column-gap-default\">\n\t\t\t\t\t<div class=\"elementor-column elementor-col-100 elementor-top-column elementor-element elementor-element-19e48e6\" data-id=\"19e48e6\" data-element_type=\"column\">\n\t\t\t<div class=\"elementor-widget-wrap elementor-element-populated\">\n\t\t\t\t\t\t\t\t<div class=\"elementor-element elementor-element-574e0db poster elementor-widget elementor-widget-text-editor\" data-id=\"574e0db\" data-element_type=\"widget\" data-widget_type=\"text-editor.default\">\n\t\t\t\t<div class=\"elementor-widget-container\">\n\t\t\t\t\t\t\t<p style=\"font-size: 1em; text-align: justify;\">Cette association ACOCIA-AGAPS a \u00e9t\u00e9 cr\u00e9\u00e9e \u00e0 l&rsquo;initiative de professionnels lib\u00e9raux pour servir d&rsquo;autres professionnels lib\u00e9raux, elle connait donc parfaitement vos contraintes et vos exigences. Comme toute autre association elle est \u00e0 but non lucratif, ses comptes sont \u00e0 votre disposition en toute transparence. Vous ne serez donc pas client d&rsquo;ACOCIA-AGAPS mais des membres \u00e0 part enti\u00e8re de l\u2019association ! Ce cadre associatif nous permet de vous proposer des tarifs tr\u00e8s comp\u00e9titifs.<\/p><p style=\"font-size: 1em; text-align: justify;\">Au sein de cette nouvelle structure vous retrouverez le personnel de l&rsquo;AGAPS et celui d&rsquo;ACOCIA avec leurs qualit\u00e9s et leur \u00e9tat d&rsquo;esprit mais aussi tous les services dont vous aviez l&rsquo;habitude ainsi que des nouveaux, d\u2019autres seront d\u00e9velopp\u00e9s ult\u00e9rieurement.<\/p><p>Notre association est constitu\u00e9e :<\/p><p style=\"font-size: 1em; text-align: center;\"><strong>D&rsquo;un Conseil d&rsquo;Administration compos\u00e9 de professionnels lib\u00e9raux<\/strong><\/p><ul><li><strong>Philippe DENOYELLE<\/strong>, chirurgien-dentiste, est Pr\u00e9sident<\/li><li><strong>V\u00e9ronique DISSAT<\/strong>, orthoptiste, est Administrateur,<\/li><li><strong>R\u00e9mi GELLE,<\/strong> v\u00e9t\u00e9rinaire, est Administrateur<\/li><li><strong>Jacques LE VOYER<\/strong>, chirurgien-dentiste, est Administrateur<\/li><li><strong>Philippe BOISSON<\/strong>, kin\u00e9sith\u00e9rapeute, est Administrateur<\/li><li><strong>Olivier SERRE<\/strong>, v\u00e9t\u00e9rinaire, est Administrateur<\/li><li><strong>Jean-G\u00e9rald BERTET<\/strong>, m\u00e9decin, est Administrateur.<\/li><\/ul><p style=\"text-align: center;\"><strong>D&rsquo;une \u00e9quipe attentionn\u00e9e et exp\u00e9riment\u00e9e<\/strong><\/p><p style=\"text-align: justify;\">L\u2019\u00e9quipe d\u2019ACOCIA-AGAPS est compos\u00e9e de tous les collaborateurs de l&rsquo;AGAPS et d&rsquo;ACOCIA, d\u00e9sormais r\u00e9unis, vous les connaissiez d\u00e9j\u00e0 tous, vous les savez comp\u00e9tents et disponibles.<\/p>\t\t\t\t\t\t<\/div>\n\t\t\t\t<\/div>\n\t\t\t\t\t<\/div>\n\t\t<\/div>\n\t\t\t\t\t\t\t<\/div>\n\t\t<\/section>\n\t\t\t\t\t\t\t<\/div>\n\t\t","protected":false},"excerpt":{"rendered":"<p>\u00c0 l&rsquo;origine l&rsquo;AGAPS \u00e9tait une Association Agr\u00e9\u00e9e par l&rsquo;Administration fiscale avec plus de 40 ans d&rsquo;\u00e9changes et d&rsquo;\u00e9coute aupr\u00e8s de professionnels lib\u00e9raux soumis au r\u00e9gime des B\u00e9n\u00e9fices non commerciaux. \u00catre adh\u00e9rent \u00e7a voulait dire : Non-majoration des b\u00e9n\u00e9fices, Formation \u00e0 la tenue de la comptabilit\u00e9 et \u00e0 ses r\u00e8gles fiscales, Examen de coh\u00e9rence de vraisemblance [&hellip;]<\/p>\n","protected":false},"author":1,"featured_media":0,"parent":0,"menu_order":0,"comment_status":"closed","ping_status":"closed","template":"","meta":{"footnotes":""},"class_list":["post-216","page","type-page","status-publish","hentry","entry","owp-thumbs-layout-horizontal","owp-btn-normal","owp-tabs-layout-horizontal","has-no-thumbnails","has-product-nav"],"_links":{"self":[{"href":"https:\/\/02.work.loveangel1337.ovh\/index.php\/wp-json\/wp\/v2\/pages\/216","targetHints":{"allow":["GET"]}}],"collection":[{"href":"https:\/\/02.work.loveangel1337.ovh\/index.php\/wp-json\/wp\/v2\/pages"}],"about":[{"href":"https:\/\/02.work.loveangel1337.ovh\/index.php\/wp-json\/wp\/v2\/types\/page"}],"author":[{"embeddable":true,"href":"https:\/\/02.work.loveangel1337.ovh\/index.php\/wp-json\/wp\/v2\/users\/1"}],"replies":[{"embeddable":true,"href":"https:\/\/02.work.loveangel1337.ovh\/index.php\/wp-json\/wp\/v2\/comments?post=216"}],"version-history":[{"count":131,"href":"https:\/\/02.work.loveangel1337.ovh\/index.php\/wp-json\/wp\/v2\/pages\/216\/revisions"}],"predecessor-version":[{"id":1383,"href":"https:\/\/02.work.loveangel1337.ovh\/index.php\/wp-json\/wp\/v2\/pages\/216\/revisions\/1383"}],"wp:attachment":[{"href":"https:\/\/02.work.loveangel1337.ovh\/index.php\/wp-json\/wp\/v2\/media?parent=216"}],"curies":[{"name":"wp","href":"https:\/\/api.w.org\/{rel}","templated":true}]}}